62629.
3, 11, 79, 953
What are the prime factors of 1605366671?
313, 5128967
What are the prime factors of 141712512?
2, 3, 107, 3449
What are the prime factors of 1058387723?
19, 55704617
List the prime factors of 103134962.
2, 7, 29, 254027
What are the prime factors of 151755915?
3, 5, 10117061
What are the prime factors of 891508977?
3, 33018851
What are the prime factors of 55324697?
5623, 9839
List the prime factors of 1138143240.
2, 3, 5, 13, 157, 1549
List the prime factors of 1006382784.
2, 3, 11, 476507
List the prime factors of 75155632.
2, 47, 139, 719
List the prime factors of 1565030635.
5, 7, 71, 389, 1619
What are the prime factors of 58127782?
2, 337, 86243
What are the prime factors of 70516190?
2, 5, 79, 89261
List the prime factors of 135868258.
2, 47, 1445407
List the prime factors of 2346951884.
2, 37, 431, 36793
What are the prime factors of 1826548347?
3, 13, 46834573
What are the prime factors of 2817513816?
2, 3, 13, 521, 17333
List the prime factors of 4811189599.
337, 1801, 7927
What are the prime factors of 3150565944?
2, 3, 23, 5707547
What are the prime factors of 802041567?
3, 89, 557, 5393
List the prime factors of 67285453.
67285453
What are the prime factors of 299709718?
2, 7, 11, 389, 5003
List the prime factors of 364526562.
2, 3, 60754427
What are the prime factors of 255850249?
103, 179, 13877
List the prime factors of 16404303.
3, 17, 61, 5273
List the prime factors of 197806081.
11, 1634761
What are the prime factors of 2277272049?
3, 13, 58391591
What are the prime factors of 191823032?
2, 3989, 6011
What are the prime factors of 702900679?
13, 41, 1009, 1307
List the prime factors of 90650428.
2, 11, 131, 15727
List the prime factors of 467090060.
2, 5, 53, 440651
What are the prime factors of 1263172080?
2, 3, 5, 17, 79, 3919
What are the prime factors of 457829395?
5, 229, 399851
List the prime factors of 39921552.
2, 3, 11, 31, 271
List the prime factors of 102765448.
2, 12845681
List the prime factors of 219355821.
3, 359, 67891
What are the prime factors of 392758426?
2, 29, 541, 12517
List the prime factors of 155361341.
41, 307, 12343
List the prime factors of 181360415.
5, 19, 97, 19681
What are the prime factors of 374510892?
2, 3, 7, 37, 41, 2939
List the prime factors of 228915583.
13, 17608891
List the prime factors of 448309082.
2, 13, 1493, 11549
List the prime factors of 270575606.
2, 7, 19326829
List the prime factors of 5390461318.
2, 11, 245020969
List the prime factors of 20598965.
5, 59, 69827
What are the prime factors of 2076132933?
3, 7, 131, 251561
What are the prime factors of 26964820?
2, 5, 67, 20123
List the prime factors of 112294823.
103, 1090241
List the prime factors of 551947498.
2, 31, 8902379
List the prime factors of 86663935.
5, 2293, 7559
List the prime factors of 197139730.
2, 5, 3733, 5281
What are the prime factors of 1528576994?
2, 7, 67, 149, 10937
What are the prime factors of 134132603?
11, 131, 93083
List the prime factors of 933703209.
3, 41, 2530361
List the prime factors of 4336614249.
3, 11, 1699, 77347
List the prime factors of 34171188.
2, 3, 2847599
List the prime factors of 5378998133.
97, 6917, 8017
What are the prime factors of 25810177?
25810177
List the prime factors of 3245741397.
3, 7393, 48781
What are the prime factors of 232193778?
2, 3, 29, 1021, 1307
What are the prime factors of 190486868?
2, 11, 13, 333019
What are the prime factors of 62621043?
3, 20873681
List the prime factors of 300204868.
2, 29, 31, 2693
What are the prime factors of 363075972?
2, 3, 7, 1823, 2371
What are the prime factors of 405161235?
3, 5, 9003583
List the prime factors of 71481972.
2, 3, 5956831
List the prime factors of 133925235.
3, 5, 17, 103, 5099
List the prime factors of 148139340.
2, 3, 5, 743, 3323
List the prime factors of 288320105.
5, 163, 353767
What are the prime factors of 212404207?
29, 1931, 3793
List the prime factors of 1059770708.
2, 71, 103, 36229
What are the prime factors of 462815804?
2, 11, 956231
List the prime factors of 4991936472.
2, 3, 719, 32143
List the prime factors of 270330730.
2, 5, 23, 1175351
What are the prime factors of 1361920263?
3, 11, 79, 522409
What are the prime factors of 332188012?
2, 13, 239, 26729
What are the prime factors of 38814158?
2, 907, 21397
What are the prime factors of 133572069?
3, 3191, 4651
List the prime factors of 34756883.
7, 4965269
What are the prime factors of 70661849?
70661849
What are the prime factors of 65972630?
2, 5, 6597263
List the prime factors of 2687771891.
7, 79, 4860347
List the prime factors of 34622813.
34622813
What are the prime factors of 32735703?
3, 7, 11, 13, 991
What are the prime factors of 3917987473?
19, 3079, 66973
List the prime factors of 155807897.
7, 67, 47459
List the prime factors of 67361083.
67361083
What are the prime factors of 250828651?
107, 2344193
What are the prime factors of 1419885197?
23, 2684093
What are the prime factors of 1281207370?
2, 5, 31, 4132927
What are the prime factors of 2531900740?
2, 5, 1151, 109987
List the prime factors of 84486596.
2, 21121649
What are the prime factors of 3877770806?
2, 7, 13, 21306433
List the prime factors of 1999451790.
2, 3, 5, 7, 352637
List the prime factors of 314314557.
3, 29, 3612811
What are the prime factors of 1712618738?
2, 421, 2033989
What are the prime factors of 2273145235?
5, 454629047
List the prime factors of 141380226.
2, 3, 13, 604189
List the prime factors of 316821420.
2, 3, 5, 43, 40933
List the prime factors of 1019509051.
11, 67, 1383323
List the prime factors of 570796672.
2, 509, 8761
What are the prime factors of 270771776?
2, 11, 384619
List the prime factors of 49295361.
3, 16431787
List the prime factors of 4932168099.
3, 137, 12000409
List the prime factors of 416903025.
3, 5, 7, 11, 10313
What are the prime factors of 3393250844?
2, 848312711
List the prime factors of 24913471.
11, 2264861
List the prime factors of 4830114686.
2, 467, 5171429
List the prime factors of 5042192345.
5, 197, 281, 18217
List the prime factors of 1177885302.
2, 3, 11, 17846747
What are the prime factors of 115479818?
2, 57739909
List the prime factors of 48632173.
48632173
List the prime factors of 178697336.
2, 17, 43, 30557
What are the prime factors of 1700075074?
2, 1283, 662539
List the prime factors of 1654155129.
3, 11, 227, 461, 479
List the prime factors of 3013232882.
2, 11, 3919, 34949
What are the prime factors of 4494539493?
3, 67, 2239, 3329
What are the prime factors of 392244330?
2, 3, 5, 73, 179107
List the prime factors of 40655977.
241, 168697
What are the prime factors of 34524104?
2, 23, 187631
What are the prime factors of 279155678?
2, 383, 364433
What are the prime factors of 44323086?
2, 3, 19, 251, 1549
What are the prime factors of 713989150?
2, 5, 7, 89, 22921
List the prime factors of 325712524.
2, 691, 117841
What are the prime factors of 319136691?
3, 53, 2007149
What are the prime factors of 206978586?
2, 3, 311, 110921
List the prime factors of 111336217.
111336217
List the prime factors of 203224968.
2, 3, 2822569
What are the prime factors of 93289317?
3, 11, 29, 43, 2267
List the prime factors of 2601196719.
3, 11, 78824143
What are the prime factors of 32990734?
2, 7, 1061, 2221
List the prime factors of 3033224674.
2, 167, 311, 29201
List the prime factors of 4460513402.
2, 30881, 72221
List the prime factors of 4496968292.
2, 1124242073
What are the prime factors of 43422087?
3, 19, 281, 2711
What are the prime factors of 332984442?
2, 3, 7, 7928201
What are the prime factors of 75638714?
2, 71, 173, 3079
What are the prime factors of 199106087?
31, 6422777
What are the prime factors of 4806115328?
2, 7, 23, 911
List the prime factors of 1337190139.
1297, 1030987
What are the prime factors of 557436279?
3, 281, 661253
What are the prime factors of 15263100?
2, 3, 5, 5653
What are the prime factors of 4406368996?
2, 89, 12377441
What are the prime factors of 93090747?
3, 19, 1633171
List the prime factors of 63785703.
3, 29, 733169
List the prime factors of 1080588936.
2, 3, 7, 6432077
What are the prime factors of 39706031?
39706031
What are the prime factors of 260433317?
1151, 226267
What are the prime factors of 1266080761?
11, 115098251
What are the p